be l(6). Suppose -s = -3*s + d. What is the tens digit of s?
2
Let o = 49 + 29. What is the units digit of o?
8
Suppose 2*r + 14 = -0*r. Let p(a) = -a**2 - 8*a - 4. What is the units digit of p(r)?
3
Let x(q) = -q + 12. Let o(f) = 8*f**3 - f**2 - f + 1. Let c be o(1). What is the units digit of x(c)?
5
Let b(j) = 13*j**3 + 17*j**2 + 4*j + 7. Let i(u) = 7*u**3 + 9*u**2 + 2*u + 4. Let g = 9 + -15. Let w(t) = g*b(t) + 11*i(t). What is the units digit of w(-3)?
8
Suppose h = 109 + 281. What is the tens digit of h?
9
Let h(f) = 6*f**2 + f + 1. Let d be h(-1). Suppose -c + 2*r = -d, -3 - 6 = -2*c + r. What is the units digit of c?
4
Let s(b) = 8*b**2 - b + 2. Let z(y) = -7*y**2 - 2. Let i(w) = -4*s(w) - 5*z(w). Let l be -6*(3 - (-40)/(-15)). What is the units digit of i(l)?
6
Suppose 5*u = -5*r - 15, 2*u - 3*r = -0*u - 11. Let k(j) = 2*j**2 + 4*j. What is the tens digit of k(u)?
1
Let c(f) be the first derivative of f**4/24 + f**2/2 + 2. Let s(d) be the second derivative of c(d). What is the units digit of s(7)?
7
Let c = 0 - 0. Suppose -3*g + 2*b + 32 = c, -5*b = -3*g - 4 + 21. What is the tens digit of g?
1
Let v(t) = -t**2 - 4*t + 2. Let h be v(-4). Suppose h*z + 3*z + 40 = 0. What is the units digit of (-35)/(-4) + (-2)/z?
9
Let g(k) = -6*k**3. Let p be g(1). Let l be 17/3 - (-4)/p. Let o = 24 - l. What is the tens digit of o?
1
Let r(h) = -8*h - 14. What is the units digit of r(-15)?
6
Let k be ((-3)/(-6) - 0)*4. Suppose 3*y - 5*n - 4 = 0, 0*y = -k*y - 4*n + 10. Suppose 4*s = -2*j - 10, 0 = 3*j + 3*s + 3 + y. What is the units digit of j?
1
Let w(r) = -r**3 + 5*r**2 + 4*r + 3. Let o(g) = g**3 - 4*g**2 - 5*g - 2. Let c(s) = -6*o(s) - 7*w(s). Suppose 0 = 2*i - i - 11. What is the tens digit of c(i)?
1
Let q = -41 + 23. Let v = 32 + q. Let z = -7 + v. What is the units digit of z?
7
Let o(h) = -2*h + 3. Let b(i) = -3*i + 5. Let v(t) = -4*b(t) + 7*o(t). What is the units digit of v(-3)?
7
Let k(b) = -3*b**3 - b**2 - b + 2. Let h be k(2). Let v = h - -39. What is the tens digit of v?
1
Let q(h) = 30*h**3 + 2*h**2 - 1. Suppose 11 = -3*y + 4*t - 2, -5*y + 2*t = 3. What is the units digit of q(y)?
1
Let n = 30 + 24. What is the units digit of n?
4
Suppose -35 = -2*t + 17. Let f = t + 19. Suppose 37 = 3*g + u + 1, -3*g + 2*u = -f. What is the tens digit of g?
1
What is the tens digit of (-2 - -4)/(2/10)?
1
Let q(p) = p**2 + 2*p - 6. Let o be 48/(-10) - 7/35. What is the units digit of q(o)?
9
Let b(r) = -r**2 - 13*r - 10. Let x be b(-12). Suppose 0 = -x*q - 2*q + 132. What is the units digit of q?
3
Let d = 67 + -40. What is the units digit of d?
7
Let t(c) = 2*c + 11. Let u be t(-9). What is the units digit of (7 + -2)*(12 + u)?
5
Suppose 5*l - 285 - 190 = 0. Let o = -62 + l. What is the tens digit of o?
3
Suppose 0 = -3*j + 4*x + 2, -j = 2*x - 5*x + 1. Let b = j - -6. What is the units digit of b?
8
Let s be -1*5*(1 + 1). Let g = -4 - s. What is the tens digit of (-2)/4 + 105/g?
1
Suppose -3 + 7 = 2*x. Suppose -x*r + 32 = -12. What is the units digit of r?
2
Let h = -1 + 10. Suppose h = 4*a + p, 13 = 5*a - 2*p + 5*p. What is the units digit of a?
2
Let n(w) = 18*w - 6. What is the tens digit of n(4)?
6
What is the tens digit of (-1408)/(-55) - 6/10?
2
Let k(i) be the second derivative of i**5/20 + 5*i**4/12 + i**3/2 + 3*i**2/2 - 2*i. What is the units digit of k(-4)?
7
Suppose -5*h - 27 = -r, -6 = h - 1. Let c(w) = -5*w + 1. Let a(y) = 4*y - 1. Let v(t) = 4*a(t) + 3*c(t). What is the units digit of v(r)?
1
Let w(m) be the first derivative of 2/3*m**3 + 1 + 1/2*m**2 + 0*m - 5/4*m**4. What is the units digit of w(-1)?
6
Suppose 0 = r + k - 8, 0 = -r + 4*k - 17. Suppose -2*v + r*b + 30 = 0, 5*v - 5*b = -3*b + 64. What is the units digit of v?
2
Let m = -85 - -146. Let d = 100 - m. What is the units digit of d?
9
What is the units digit of (0 - (-242)/4)/(2/4)?
1
Let i be (1/2)/((-1)/(-6)). Suppose 0*r - 2*r + 49 = i*p, -24 = -r - p. Let f = r + -13. What is the tens digit of f?
1
Suppose 0 = 4*b - 2*l - 63 - 231, -150 = -2*b - 2*l. What is the tens digit of b?
7
Let g(t) be the first derivative of t**3/3 + t - 2. What is the units digit of g(0)?
1
Suppose x + 176 = 3*m - 0*x, m - 60 = -x. What is the units digit of m?
9
Let b(d) = -8*d - 19. What is the tens digit of b(-10)?
6
Let x(o) be the third derivative of o**5/20 - o**4/12 + 5*o**3/6 + 10*o**2. What is the units digit of x(4)?
5
Let v be 21/(3*-1)*1. Let q = 1 + v. Let l(t) = -t + 1. What is the units digit of l(q)?
7
Let i = -51 + 121. What is the units digit of i?
0
Let c = 8 - 5. Suppose 15 = -c*z - 2*z. What is the units digit of (z/9)/(3/(-90))?
0
Suppose 5*l - l = 8. What is the units digit of 12 - 0*l/6?
2
Let u(q) = 6*q**2 - 3*q + 2. What is the tens digit of u(2)?
2
Let j = -5 + 9. Suppose 0 = -j*q - 8, -1 = 3*z + 4*q - 2. What is the units digit of (26/(-6))/((-1)/z)?
3
What is the tens digit of ((-1)/(-2))/(2/220)?
5
Let f = 5 + 0. Suppose -o - k = 1, f*o - 5*k - 10 = 5. Suppose y - 4 - o = 0. What is the units digit of y?
5
Let d(h) be the second derivative of 2*h + 0 - 1/20*h**5 + 2*h**2 - 5/12*h**4 + 5/6*h**3. What is the tens digit of d(-6)?
1
Let j be (0/7)/(0 - 3). Suppose 3*n - 4*n + 37 = j. Suppose -4*t + 23 + n = 0. What is the tens digit of t?
1
Let m(t) = -3*t - 1. Let w be m(3). Let x(j) = j**3 + 10*j**2 - 3*j - 15. Let d be x(w). What is the units digit of 4/10 - (-294)/d?
0
Let p(i) = i**3 - 6*i**2 + 6*i. Let h be p(5). Suppose 4*w = h*f + w - 96, -4*w - 62 = -3*f. What is the tens digit of f?
1
Let n(l) = l**2 + 4*l + 3. Let s be n(-4). Suppose 0 = 5*u + 3*k - 11, -3*u - k - 3 = -4*k. Suppose -4*r + u = -s*r. What is the units digit of r?
1
Let v = 20 - -12. Suppose 0 = -3*x - 3*n - 3 - 3, 4*n = 4*x - v. What is the units digit of x?
3
Suppose -2*t - u = 2*t - 15, -3*t + 5*u + 17 = 0. Let k(r) = -r**3 + 4*r**2 + 5*r - 5. What is the units digit of k(t)?
5
Suppose 2*f + 0 = 3*o + 11, -2*f + 4*o + 14 = 0. Let j(c) = -c - 1. Let p be j(1). What is the tens digit of f - -4*(-5)/p?
1
Let a(o) = o + 7. Let x be a(-7). Suppose 2*g = -x + 4. What is the units digit of g?
2
Let y(k) = 3*k - 9. What is the units digit of y(7)?
2
Suppose 4*z - 4*k + 56 = 3*z, -4*z - 5*k = 329. Let b = z + 120. What is the units digit of b?
4
Suppose 0*l - 4*l = -48. Let k be (-4)/(-4) - (l - -2). What is the units digit of ((3 - 1) + -3)*k?
3
Let d = 119 + -181. Let z = 94 + d. What is the units digit of z?
2
Suppose 310 = 5*x - 5*v, -x + 2*x - 70 = -3*v. What is the units digit of x?
4
Let w be 1/((-3)/9 + 0). Let y = w + 17. Suppose -3*x + 17 = -c, -3*x - 4*c = -23 - y. What is the units digit of x?
7
Let f(m) = 2*m**3 - 3*m**2 + 2. Let k be f(2). Let v(o) = -o**2 + 8*o + 2. What is the units digit of v(k)?
4
Suppose 4*q + 112 = 2*r, -3*q + 242 = 4*r + 7. What is the units digit of r?
8
Let r(f) = 2*f + 1 + 3*f + 2. Let l be r(-2). Let o(v) = v + 10. What is the units digit of o(l)?
3
Suppose 2*a = 4*a - 6. Let n be ((-3)/4)/(a/(-12)). Suppose 0*s + 3*o = n*s - 30, 4*s - 3*o - 38 = 0. What is the units digit of s?
8
Let t be 1/(-1) - (-2 + -16). Suppose -t = -g - 6. What is the tens digit of g?
1
Suppose -s + 4*s = -66. Let c = s + 36. What is the units digit of c?
4
Let k(d) = -d**3 - 4*d**2 - 5*d - 3. Let i be k(-3). What is the units digit of 2/i + (-62)/(-6)?
1
Let w be (-1)/2*(1 + -1). Suppose w*o = -3*v + o + 51, 5*o = 4*v - 57. What is the tens digit of v?
1
Let w(r) = -r**2 + 19*r + 1. Let d be w(13). Suppose 0 = -4*i + 3*b + d, -i + 2*b + 17 = 1. What is the units digit of i?
2
Suppose 2*a = 6*a - 8. Suppose -a*r + 12 = 2*s + 3*r, -3*r = -s - 5. Suppose -t + s = -4. What is the units digit of t?
5
Suppose 5 = r + 23. Let s = r + 30. What is the tens digit of s?
1
Let s be 0 - (-2)/2 - 1. Let v(n) be the first derivative of n**4/4 - n**3/3 + n**2/2 + 6*n + 7. What is the units digit of v(s)?
6
Suppose 2*p = -0*p + 4. Suppose 2*t + 2*t - p*o = 10, 4*o = -2*t + 10. Suppose -t*k - 13 + 52 = 0. What is the units digit of k?
3
Suppose 0 = 7*v - 1251 - 478. What is the hundreds digit of v?
2
Let y(w) = -w - 2. What is the units digit of y(-8)?
6
Let c be ((-4069)/(-26))/(2/4). Suppose -78 + c = 5*b. What is the units digit of b?
7
Let r(v) = 7*v - 71. What is the tens digit of r(22)?
8
Let 